 is the units digit of g?
3
Suppose -73 = -4*m + 5*f, -3*m + m = 4*f - 4. Suppose 17*p = m*p + 385. What is the units digit of p?
7
Let a be ((-2)/(-4))/(4/(-104)). Let o(k) = k**3 + 12*k**2 - 29*k - 21. What is the hundreds digit of o(a)?
1
Let f(h) = -600*h**3 - 4*h**2 + 5*h + 3. What is the tens digit of f(-1)?
9
Let a(p) = -p**2 + 13*p + 4. Let f be a(13). Let b be (12/(-10))/((-3)/20). Let d = b + f. What is the units digit of d?
2
Let r be (-96)/(-42) + 2/(-7). Suppose r*y = -0*y + 10. Suppose a = -4*j - 2*a + 22, a + 37 = y*j. What is the units digit of j?
7
What is the units digit of (-222)/592 + 1606/16?
0
What is the units digit of (106/4)/((-31)/(-682))?
3
Suppose x - 120 = -32. Let f = x - 51. What is the tens digit of f?
3
Suppose 4*z - 66 = 1098. Suppose -2*u = 3*j - 517, -218 = -3*j + 2*u + z. Suppose 51 - j = -5*m. What is the tens digit of m?
2
Let j(y) = -y + 1. Let k be j(5). Suppose -52 - 2 = -6*x. What is the tens digit of 29 + x*k/(-12)?
3
Let c be (0/3 + -1)*1. Let v be 28/21 - c/(-3). Suppose 7 = x - v. What is the units digit of x?
8
Suppose 5*l + m = 283, 0 = 5*l - 3*m - 127 - 144. Let u = 115 - l. What is the tens digit of u?
5
Let g = 35 + -17. Let q = g - 14. Suppose -38 = -q*c + 3*c. What is the units digit of c?
8
Suppose -16*k - 5638 = -19350. What is the units digit of k?
7
Let f(d) = d**3 + 59*d**2 - 71*d - 4. What is the hundreds digit of f(-60)?
6
Suppose -4*g - 5*c + 910 = 0, -3*c - 40 + 271 = g. What is the tens digit of g?
2
Suppose 0 = 76*i - 74*i. Suppose -2*b - 5*b + 812 = i. What is the units digit of b?
6
Let d be (-1)/(1/(-14))*1. Let r(n) = 9 + 0*n - 11 + 2*n. What is the units digit of r(d)?
6
Let t = -44 - -134. Let b = t + 16. What is the tens digit of b/10 + (-2)/(-5)?
1
Let w = 824 - -850. What is the units digit of w?
4
Let a(v) = -44*v**3 - 5*v - 3. What is the units digit of a(-2)?
9
Suppose 4*y - 22 = -6. Let w be (-4 - (1 - 5/1))/(-1). Suppose w = -0*k + y*k - 120. What is the units digit of k?
0
Suppose 2*b = 146 - 2. Suppose -238 = -74*n + b*n. What is the units digit of n?
9
Let u(v) = v**3 + 8*v**2 + 2*v. Let m(h) = h - 8. Let j be m(5). What is the tens digit of u(j)?
3
Let b be -15*((-1)/(-10))/((-4)/(-176)). Let g = 55 - b. What is the units digit of g?
1
Let b be (-216)/(-126) - 1/((-14)/4). Suppose 0 = -c + b*c - 135. What is the tens digit of c?
3
Suppose -3435 = -142*m + 137*m. What is the units digit of m?
7
Let v(c) = 5*c + 19. Suppose 8 + 37 = 5*k. What is the tens digit of v(k)?
6
Let d = -744 - -2279. What is the units digit of d?
5
Let q be (0/(2 - 5))/(-2). Suppose -2*b + 531 = 5*f, -5*b + q*b = 4*f - 418. What is the hundreds digit of f?
1
Let y(z) = z**2 + z - 2. Let o be y(2). Suppose 7*n + 3*l = 2*n - 6, -2*l = o. What is the tens digit of n/(-2) - (-8 + -3)?
1
Let d(y) = -2*y. Suppose -33 = 7*w + 2. What is the units digit of d(w)?
0
Let g(h) = 2*h - 2. Let j be g(4). Let s = 0 + j. Suppose 6 = 2*m - s. What is the units digit of m?
6
What is the tens digit of (-8*2/20)/(4/(-1190))?
3
Let s be 40/(-15) + (-1)/3. Let r = 6 + s. Let i = 38 + r. What is the tens digit of i?
4
Let s(k) = -1 - 5*k + 8*k - 2 + 0. Let c be s(2). Suppose -q = 3*w + q - 31, q = c*w - 34. What is the tens digit of w?
1
Let g(r) = r**2 + 2*r + 9. Let f be g(6). Let v = f - 36. What is the tens digit of v?
2
Let j(v) = 7*v - 8. Let d be (-44)/(-10) + (-2)/5. What is the units digit of j(d)?
0
Suppose -16*p + 3612 = -9268. What is the hundreds digit of p?
8
Suppose 3*l = -2*l + 615. Let q be l*(6 + -4 + -3). What is the tens digit of 3/((-132)/q - 1)?
4
Let n(q) = q**2 + 7*q - 1. Let d be n(-7). What is the tens digit of (-52)/d - (-3 - -4)?
5
Let p = 128 + -81. Suppose -3*w = l - 743, l - p = -4*w + 942. What is the tens digit of w?
4
Suppose -10*n = -19*n + 72. What is the units digit of n?
8
Let s(m) = -m**2 + 19*m - 53. Let r be s(16). Let a(n) = -32*n - 30. What is the hundreds digit of a(r)?
1
Let v(i) = 19*i**2 - 14*i + 12. What is the thousands digit of v(-8)?
1
Let p be (-6)/(-12) - (-7)/2. Suppose 3*f = j + j - 61, 98 = p*j + 2*f. What is the units digit of j?
6
Suppose -43182 = -100*n + 91*n. What is the units digit of n?
8
Let n = 578 - 108. What is the units digit of n?
0
Suppose -4*z - 3 = -39. Let u be (-1)/((15/3)/(-615)). What is the tens digit of 3*(u/z + 0)?
4
Let k(r) = -102*r**3 + 4*r**2 + 13*r - 5. What is the units digit of k(-3)?
6
Let t be ((-60)/24)/(2/(-4)). Suppose 5*w = -t*o + 5, -2*w + 5*o - 2 + 18 = 0. Suppose -3*z = 4*l - 110, 0 = -w*l - 3. What is the tens digit of z?
3
Suppose 3*c + 1 = t, -5*t - 7*c = -5*c - 22. Suppose 2*w + 3*n - 152 - 200 = 0, 0 = -t*w + n + 676. What is the tens digit of w?
7
Let z be (9 + -2)*(0 + 37). Suppose -4*q - 49 = 5*f - z, -3*f + 129 = 3*q. Let j = 15 + f. What is the units digit of j?
3
Let i = -1965 - -7211. What is the units digit of i?
6
Let r(q) = 4*q - 2. Let g be ((-2)/(-6))/(1/9). Suppose -8 = -p - g*p. What is the units digit of r(p)?
6
Suppose -4*o + 82 = -30. Suppose 0 = k - 5*k + o. Suppose 5*w = k*w - 38. What is the units digit of w?
9
Suppose 0 = 3*y - 8*y + 10. Suppose -y*s + 0*x + 4*x = -14, -4*s + 42 = -x. Suppose o + s = 2*o. What is the tens digit of o?
1
Let l be (9/(-18))/(2/976). What is the units digit of (-18)/135 - l/30?
8
Suppose 4087 + 8153 = 34*y. What is the units digit of y?
0
Suppose 0 = 4*y + y + 4*q + 420, 0 = 5*q + 25. What is the tens digit of (0 - y)*105/60?
4
Let c(n) = -n - 177. Let i(r) = r + 178. Let v(f) = 5*c(f) + 6*i(f). What is the units digit of v(0)?
3
Suppose 0*o = -4*o, 0 = -5*n - 2*o + 20. Let w(c) = 79*c**2 - c - 1. Let s be w(-1). Suppose 4*l - 4*z + s = 351, -n*z = -l + 68. What is the tens digit of l?
6
Suppose -2*r - 2*i - 1 + 15 = 0, 0 = r + 2*i - 9. Suppose 3*x = -r*x + 760. What is the units digit of x?
5
Suppose 17*t - 1011 - 1352 = 0. What is the units digit of t?
9
Let q = -49 - -55. Suppose -5*w + 37 - q = l, -5*l + 5 = 0. What is the units digit of w?
6
Suppose 0 = 77*r - 242737 + 52778. What is the thousands digit of r?
2
What is the tens digit of 3/(-5) - 81303/(-205)?
9
Let o(k) = 34*k - 10. Let p = 83 - 81. What is the tens digit of o(p)?
5
Let r(x) = -36*x + 8. Let s(w) = 12*w - 3. Suppose 7*a = 3*a + 16. Let z(f) = a*r(f) + 11*s(f). What is the tens digit of z(-2)?
2
Suppose 83*n - 12546 = 65*n. What is the hundreds digit of n?
6
Suppose -6 - 6 = -3*x. Let u be (1 - 0)/1*44. Suppose -x*t + u = -2*t. What is the units digit of t?
2
Let f(j) = -85*j + 33. What is the tens digit of f(-6)?
4
Let f(u) = -34*u + 20. Let p be f(-4). Suppose -p = -4*l + 296. What is the hundreds digit of l?
1
Let i(a) = 4*a**2 - 54*a + 34. What is the units digit of i(14)?
2
Let n = -36 + 23. Let u(v) = v**2 + 11*v + 1. Let i be u(n). Suppose 2*t = 3*g + 61, t - 5*g = -0*g + i. What is the tens digit of t?
3
Let a(g) = g**2 + 13*g + 34. Let t be a(-9). What is the units digit of (-540)/(-70) + t/(-7)?
8
Let z = 219 + -185. What is the tens digit of z?
3
Suppose 4*f - 126 = f. Suppose 5*p = 2 + 53. Suppose f = -8*i + p*i. What is the units digit of i?
4
Let d be 2/10 + 108/10. Let o(p) = p - 3. What is the units digit of o(d)?
8
Let q = 11 - 15. Let v be (-12)/q*8/(-6). Let z(m) = -m**2 - 7*m. What is the tens digit of z(v)?
1
Suppose -3*p + 2*q + 567 = 0, p - 3*q - 2*q = 202. Suppose 3*l - 2*w = -p + 555, 2*w + 8 = 0. What is the tens digit of l?
2
Let s(r) = 12*r**2 - r - 1. Let b(c) = -11*c**2. Let l(w) = -4*b(w) - 3*s(w). Let a be l(-4). Let y = a + -58. What is the units digit of y?
1
Let s(g) = -g + 9*g**2 - g**2 - 13*g**2 - 27*g**2. Let u be s(-1). What is the tens digit of -5 - u - (1 - 1)?
2
Let h(m) = -237*m - 603. What is the thousands digit of h(-9)?
1
Suppose -3*j + 1 = -2*z, -3*z - 2*j = -2*z - 10. Suppose -3*h - 3*c - 12 = 0, 0 = -z*h - c - 12 - 1. What is the tens digit of (h/(-1))/(-3) - -41?
4
Let j = 516 - 366. What is the hundreds digit of j?
1
Let g(a) = -a**3 - 6*a**2 - 5*a + 2. Let u = -26 + 86. Let v be (-4)/(-6) + u/(-9). What is the tens digit of g(v)?
3
Suppose 3*x - 33 = -4*s, x - s - 4*s - 11 = 0. Suppose -3*t + 8*t - x = -2*h, 5*h + 4*t - 2 = 0. What is the tens digit of (h + 10/6)*-39?
1
Let s(t) = 2*t**3 - 10*t**2 + 8*t + 2. Let n(f) = f**3 + 8*f**2 - 8